{"id":379,"date":"2017-06-19T18:30:28","date_gmt":"2017-06-19T16:30:28","guid":{"rendered":"http:\/\/jbinformatique.fr\/?page_id=379"},"modified":"2017-12-04T18:57:25","modified_gmt":"2017-12-04T17:57:25","slug":"creation-de-site","status":"publish","type":"page","link":"http:\/\/jbinformatique.fr\/?page_id=379","title":{"rendered":"Cr\u00e9ation de site"},"content":{"rendered":"<div id=\"pl-379\"  class=\"panel-layout\" ><div id=\"pg-379-0\"  class=\"panel-grid panel-has-style\" ><div style=\"padding: 0px 0; \" data-overlay=\"true\" data-overlay-color=\"#000000\" class=\"panel-row-style panel-row-style-for-379-0\" ><div id=\"pgc-379-0-0\"  class=\"panel-grid-cell\" ><div id=\"panel-379-0-0-0\" class=\"so-panel widget widget_sow-icon panel-first-child panel-last-child\" data-index=\"0\" ><div class=\"icone_milieu_bordure panel-widget-style panel-widget-style-for-379-0-0-0\" style=\"text-align: left;\" data-title-color=\"#443f3f\" data-headings-color=\"#443f3f\" ><div class=\"so-widget-sow-icon so-widget-sow-icon-default-e2a0e304082f\">\n<div class=\"sow-icon-container sow-icon\">\n\t\t\t<span class=\"sow-icon-fontawesome sow-fas\" data-sow-icon=\"&#xf0ad;\"\n\t\t ><\/span>\t<\/div>\n<\/div><\/div><\/div><\/div><\/div><\/div><div id=\"pg-379-1\"  class=\"panel-grid panel-has-style\" ><div style=\"padding: 0px 0; \" data-overlay=\"true\" data-overlay-color=\"#000000\" class=\"panel-row-style panel-row-style-for-379-1\" ><div id=\"pgc-379-1-0\"  class=\"panel-grid-cell\" ><div id=\"panel-379-1-0-0\" class=\"so-panel widget widget_sow-headline panel-first-child panel-last-child\" data-index=\"1\" ><div style=\"text-align: left;\" data-title-color=\"#443f3f\" data-headings-color=\"#443f3f\" class=\"panel-widget-style panel-widget-style-for-379-1-0-0\" ><div class=\"so-widget-sow-headline so-widget-sow-headline-default-a6d43545cd7d\"><div class=\"sow-headline-container \">\n\t<h2 class='sow-headline'>Cr\u00e9ation de site web, blog, forum, e-commerce<\/h2><p class='sow-sub-headline'>JB-INFORMATIQUE propose \u00e0 ses clients un service de cr\u00e9ation de site web. Nous utilisons le logiciel wordpress afin de concevoir des site web de fa\u00e7on rapide et efficace. Pour des besoin basique ou plus avanc\u00e9, je saurai m'adapter a vos besoin pour r\u00e9aliser un site \u00e0 la fois pratique, convivial, s\u00e9curis\u00e9 et facile a mettre \u00e0 jour.<\/p><\/div><\/div><\/div><\/div><\/div><\/div><\/div><div id=\"pg-379-2\"  class=\"panel-grid panel-has-style\" ><div style=\"padding: 0px 0; \" data-overlay=\"true\" data-overlay-color=\"#000000\" class=\"panel-row-style panel-row-style-for-379-2\" ><div id=\"pgc-379-2-0\"  class=\"panel-grid-cell\" ><div id=\"panel-379-2-0-0\" class=\"so-panel widget widget_sow-editor panel-first-child panel-last-child\" data-index=\"2\" ><div class=\"wow bounceInLeft liste_prestation panel-widget-style panel-widget-style-for-379-2-0-0\" style=\"text-align: left;\" data-wow-duration=\"2s\" data-wow-offset=\"10\" data-wow-iteration=\"1\" data-title-color=\"#443f3f\" data-headings-color=\"#443f3f\" ><div class=\"so-widget-sow-editor so-widget-sow-editor-base\">\n<div class=\"siteorigin-widget-tinymce textwidget\">\n\t<hr \/>\n<ul>\n<li style=\"text-align: center;\">Cr\u00e9ation d'un blog<\/li>\n<\/ul>\n<hr \/>\n<ul style=\"text-align: center;\">\n<li>Cr\u00e9ation d'un site statique d'une petite entreprise<\/li>\n<\/ul>\n<hr \/>\n<ul style=\"text-align: center;\">\n<li>Cr\u00e9ation d'un petit site de e-commerce<\/li>\n<\/ul>\n<hr \/>\n<ul>\n<li style=\"text-align: center;\">D\u00e9veloppement d'un th\u00e8me enfant WordPress<\/li>\n<\/ul>\n<hr \/>\n<\/div>\n<\/div><\/div><\/div><\/div><div id=\"pgc-379-2-1\"  class=\"panel-grid-cell\" ><div id=\"panel-379-2-1-0\" class=\"so-panel widget widget_sow-image panel-first-child\" data-index=\"3\" ><div style=\"text-align: left;\" data-title-color=\"#443f3f\" data-headings-color=\"#443f3f\" class=\"panel-widget-style panel-widget-style-for-379-2-1-0\" ><div class=\"so-widget-sow-image so-widget-sow-image-default-17bc2272b535\">\n\n<div class=\"sow-image-container\">\n\t<img src=\"http:\/\/jbinformatique.fr\/wp-content\/uploads\/2017\/05\/wordpress-logo.jpg\" width=\"600\" height=\"200\" srcset=\"http:\/\/jbinformatique.fr\/wp-content\/uploads\/2017\/05\/wordpress-logo.jpg 600w, http:\/\/jbinformatique.fr\/wp-content\/uploads\/2017\/05\/wordpress-logo-300x100.jpg 300w, http:\/\/jbinformatique.fr\/wp-content\/uploads\/2017\/05\/wordpress-logo-230x77.jpg 230w, http:\/\/jbinformatique.fr\/wp-content\/uploads\/2017\/05\/wordpress-logo-350x117.jpg 350w, http:\/\/jbinformatique.fr\/wp-content\/uploads\/2017\/05\/wordpress-logo-480x160.jpg 480w\" sizes=\"(max-width: 600px) 100vw, 600px\" title=\"C.M.S WordPress\" alt=\"\" \t\tclass=\"so-widget-image\"\/>\n<\/div>\n\n<\/div><\/div><\/div><div id=\"panel-379-2-1-1\" class=\"so-panel widget widget_sow-image panel-last-child\" data-index=\"4\" ><div style=\"text-align: left;\" data-title-color=\"#443f3f\" data-headings-color=\"#443f3f\" class=\"panel-widget-style panel-widget-style-for-379-2-1-1\" ><div class=\"so-widget-sow-image so-widget-sow-image-default-17bc2272b535\">\n\n<div class=\"sow-image-container\">\n\t<img src=\"http:\/\/jbinformatique.fr\/wp-content\/uploads\/2017\/06\/hebergement-apache.png\" width=\"450\" height=\"209\" srcset=\"http:\/\/jbinformatique.fr\/wp-content\/uploads\/2017\/06\/hebergement-apache.png 450w, http:\/\/jbinformatique.fr\/wp-content\/uploads\/2017\/06\/hebergement-apache-300x139.png 300w, http:\/\/jbinformatique.fr\/wp-content\/uploads\/2017\/06\/hebergement-apache-230x107.png 230w, http:\/\/jbinformatique.fr\/wp-content\/uploads\/2017\/06\/hebergement-apache-350x163.png 350w\" sizes=\"(max-width: 450px) 100vw, 450px\" title=\"Serveur web apache\" alt=\"\" \t\tclass=\"so-widget-image\"\/>\n<\/div>\n\n<\/div><\/div><\/div><\/div><div id=\"pgc-379-2-2\"  class=\"panel-grid-cell\" ><div id=\"panel-379-2-2-0\" class=\"so-panel widget widget_sow-editor panel-first-child panel-last-child\" data-index=\"5\" ><div class=\"wow bounceInRight liste_prestation panel-widget-style panel-widget-style-for-379-2-2-0\" style=\"text-align: left;\" data-wow-duration=\"2s\" data-wow-offset=\"10\" data-wow-iteration=\"1\" data-title-color=\"#443f3f\" data-headings-color=\"#443f3f\" ><div class=\"so-widget-sow-editor so-widget-sow-editor-base\">\n<div class=\"siteorigin-widget-tinymce textwidget\">\n\t<hr \/>\n<ul>\n<li style=\"text-align: center;\">Site facile a modifier et \u00e0 alimenter<\/li>\n<\/ul>\n<hr \/>\n<ul style=\"text-align: center;\">\n<li>Site s\u00e9curis\u00e9 et facile \u00e0 mettre \u00e0 jour (automatique)<\/li>\n<\/ul>\n<hr \/>\n<ul style=\"text-align: center;\">\n<li>Je vous met en place le serveur<\/li>\n<\/ul>\n<hr \/>\n<ul>\n<li style=\"text-align: center;\">Id\u00e9al pour une petite entreprise<\/li>\n<\/ul>\n<hr \/>\n<\/div>\n<\/div><\/div><\/div><\/div><\/div><\/div><div id=\"pg-379-3\"  class=\"panel-grid panel-has-style\" ><div style=\"padding: 0px 0; \" data-overlay=\"true\" data-overlay-color=\"#000000\" class=\"panel-row-style panel-row-style-for-379-3\" ><div id=\"pgc-379-3-0\"  class=\"panel-grid-cell\" ><div id=\"panel-379-3-0-0\" class=\"so-panel widget widget_sow-button panel-first-child panel-last-child\" data-index=\"6\" ><div style=\"text-align: left;\" data-title-color=\"#443f3f\" data-headings-color=\"#443f3f\" class=\"panel-widget-style panel-widget-style-for-379-3-0-0\" ><div class=\"so-widget-sow-button so-widget-sow-button-atom-750b051d944f\"><div class=\"ow-button-base ow-button-align-center\">\n\t<a href=\"http:\/\/jbinformatique.fr\/?page_id=281\" class=\"ow-icon-placement-left ow-button-hover\" \t\t>\n\t\t<span>\n\t\t\t<span class=\"sow-icon-fontawesome sow-far\" data-sow-icon=\"&#xf044;\"\n\t\t ><\/span>\n\t\t\tCONSULTER NOS TARIFS\t\t<\/span>\n\t<\/a>\n<\/div>\n<\/div><\/div><\/div><\/div><div id=\"pgc-379-3-1\"  class=\"panel-grid-cell\" ><div id=\"panel-379-3-1-0\" class=\"so-panel widget widget_sow-editor panel-first-child panel-last-child\" data-index=\"7\" ><div class=\"wow bounceInUp panel-widget-style panel-widget-style-for-379-3-1-0\" style=\"text-align: left;\" data-wow-offset=\"10\" data-wow-iteration=\"1\" data-title-color=\"#443f3f\" data-headings-color=\"#443f3f\" ><div class=\"so-widget-sow-editor so-widget-sow-editor-base\">\n<div class=\"siteorigin-widget-tinymce textwidget\">\n\t<p style=\"text-align: center;\"><em>d\u00e9tails des prestations propos\u00e9es ci-dessous<\/em><\/p>\n<p style=\"text-align: center;\"><img loading=\"lazy\" class=\"alignnone  wp-image-589\" src=\"http:\/\/jbinformatique.fr\/wp-content\/uploads\/2017\/06\/downarrowinacircle_80041.png\" alt=\"\" width=\"51\" height=\"51\" \/><\/p>\n<\/div>\n<\/div><\/div><\/div><\/div><div id=\"pgc-379-3-2\"  class=\"panel-grid-cell\" ><div id=\"panel-379-3-2-0\" class=\"so-panel widget widget_sow-button panel-first-child panel-last-child\" data-index=\"8\" ><div style=\"text-align: left;\" data-title-color=\"#443f3f\" data-headings-color=\"#443f3f\" class=\"panel-widget-style panel-widget-style-for-379-3-2-0\" ><div class=\"so-widget-sow-button so-widget-sow-button-atom-750b051d944f\"><div class=\"ow-button-base ow-button-align-center\">\n\t<a href=\"http:\/\/jbinformatique.fr\/?page_id=277\" class=\"ow-icon-placement-left ow-button-hover\" \t\t>\n\t\t<span>\n\t\t\t<span class=\"sow-icon-fontawesome sow-fas\" data-sow-icon=\"&#xf107;\"\n\t\t ><\/span>\n\t\t\tNOUS CONTACTER\t\t<\/span>\n\t<\/a>\n<\/div>\n<\/div><\/div><\/div><\/div><\/div><\/div><div id=\"pg-379-4\"  class=\"panel-grid panel-has-style\" ><div style=\"padding: 0px 0; \" data-overlay=\"true\" data-overlay-color=\"#000000\" class=\"panel-row-style panel-row-style-for-379-4\" ><div id=\"pgc-379-4-0\"  class=\"panel-grid-cell\" ><div id=\"panel-379-4-0-0\" class=\"so-panel widget widget_sow-icon panel-first-child panel-last-child\" data-index=\"9\" ><div class=\"icone_milieu_bordure panel-widget-style panel-widget-style-for-379-4-0-0\" style=\"text-align: left;\" data-title-color=\"#443f3f\" data-headings-color=\"#443f3f\" ><div class=\"so-widget-sow-icon so-widget-sow-icon-default-e2a0e304082f\">\n<div class=\"sow-icon-container sow-icon\">\n\t\t\t<span class=\"sow-icon-fontawesome sow-fab\" data-sow-icon=\"&#xf179;\"\n\t\t ><\/span>\t<\/div>\n<\/div><\/div><\/div><\/div><\/div><\/div><div id=\"pg-379-5\"  class=\"panel-grid panel-has-style\" ><div style=\"padding: 0px 0; \" data-overlay=\"true\" data-overlay-color=\"#000000\" class=\"panel-row-style panel-row-style-for-379-5\" ><div id=\"pgc-379-5-0\"  class=\"panel-grid-cell\" ><div id=\"panel-379-5-0-0\" class=\"so-panel widget widget_sow-headline panel-first-child panel-last-child\" data-index=\"10\" ><div style=\"text-align: left;\" data-title-color=\"#443f3f\" data-headings-color=\"#443f3f\" class=\"panel-widget-style panel-widget-style-for-379-5-0-0\" ><div class=\"so-widget-sow-headline so-widget-sow-headline-default-84a1e1e4a70f\"><div class=\"sow-headline-container \">\n\t<h2 class='sow-headline'>d\u00e9tails des prestations<\/h2><\/div><\/div><\/div><\/div><\/div><\/div><\/div><div id=\"pg-379-6\"  class=\"panel-grid panel-has-style\" ><div class=\"siteorigin-panels-stretch panel-row-style panel-row-style-for-379-6\" style=\"padding: 50px 0; \" id=\"TextePresta\" data-stretch-type=\"full\" data-overlay=\"true\" data-overlay-color=\"#000000\" ><div id=\"pgc-379-6-0\"  class=\"panel-grid-cell\" ><div id=\"panel-379-6-0-0\" class=\"so-panel widget panel-first-child panel-last-child\" data-index=\"11\" ><div style=\"text-align: left;\" data-title-color=\"#443f3f\" data-headings-color=\"#443f3f\" class=\"panel-widget-style panel-widget-style-for-379-6-0-0\" ><\/div><\/div><\/div><div id=\"pgc-379-6-1\"  class=\"panel-grid-cell\" ><div id=\"panel-379-6-1-0\" class=\"so-panel widget widget_sow-image panel-first-child\" data-index=\"12\" ><div style=\"text-align: left;\" data-title-color=\"#443f3f\" data-headings-color=\"#443f3f\" class=\"panel-widget-style panel-widget-style-for-379-6-1-0\" ><div class=\"so-widget-sow-image so-widget-sow-image-default-17bc2272b535\">\n\n<div class=\"sow-image-container\">\n\t<img src=\"http:\/\/jbinformatique.fr\/wp-content\/uploads\/2017\/12\/woocommerce.png\" width=\"350\" height=\"350\" srcset=\"http:\/\/jbinformatique.fr\/wp-content\/uploads\/2017\/12\/woocommerce.png 350w, http:\/\/jbinformatique.fr\/wp-content\/uploads\/2017\/12\/woocommerce-150x150.png 150w, http:\/\/jbinformatique.fr\/wp-content\/uploads\/2017\/12\/woocommerce-300x300.png 300w, http:\/\/jbinformatique.fr\/wp-content\/uploads\/2017\/12\/woocommerce-230x230.png 230w\" sizes=\"(max-width: 350px) 100vw, 350px\" title=\"Woocommerce\" alt=\"\" \t\tclass=\"so-widget-image\"\/>\n<\/div>\n\n<\/div><\/div><\/div><div id=\"panel-379-6-1-1\" class=\"so-panel widget widget_sow-image\" data-index=\"13\" ><div style=\"text-align: left;\" data-title-color=\"#443f3f\" data-headings-color=\"#443f3f\" class=\"panel-widget-style panel-widget-style-for-379-6-1-1\" ><div class=\"so-widget-sow-image so-widget-sow-image-default-17bc2272b535\">\n\n<div class=\"sow-image-container\">\n\t<img src=\"http:\/\/jbinformatique.fr\/wp-content\/uploads\/2017\/12\/Prestashop-logo.png\" width=\"494\" height=\"414\" srcset=\"http:\/\/jbinformatique.fr\/wp-content\/uploads\/2017\/12\/Prestashop-logo.png 494w, http:\/\/jbinformatique.fr\/wp-content\/uploads\/2017\/12\/Prestashop-logo-300x251.png 300w, http:\/\/jbinformatique.fr\/wp-content\/uploads\/2017\/12\/Prestashop-logo-230x193.png 230w, http:\/\/jbinformatique.fr\/wp-content\/uploads\/2017\/12\/Prestashop-logo-350x293.png 350w, http:\/\/jbinformatique.fr\/wp-content\/uploads\/2017\/12\/Prestashop-logo-480x402.png 480w\" sizes=\"(max-width: 494px) 100vw, 494px\" title=\"Prestashop\" alt=\"\" \t\tclass=\"so-widget-image\"\/>\n<\/div>\n\n<\/div><\/div><\/div><div id=\"panel-379-6-1-2\" class=\"so-panel widget widget_sow-image panel-last-child\" data-index=\"14\" ><div style=\"text-align: left;\" data-title-color=\"#443f3f\" data-headings-color=\"#443f3f\" class=\"panel-widget-style panel-widget-style-for-379-6-1-2\" ><div class=\"so-widget-sow-image so-widget-sow-image-default-17bc2272b535\">\n\n<div class=\"sow-image-container\">\n\t<img src=\"http:\/\/jbinformatique.fr\/wp-content\/uploads\/2017\/12\/phpbb-logo.gif\" width=\"250\" height=\"150\" sizes=\"(max-width: 250px) 100vw, 250px\" title=\"Forum PHPBB\" alt=\"\" \t\tclass=\"so-widget-image\"\/>\n<\/div>\n\n<\/div><\/div><\/div><\/div><\/div><\/div><div id=\"pg-379-7\"  class=\"panel-grid panel-has-style\" ><div class=\"siteorigin-panels-stretch panel-row-style panel-row-style-for-379-7\" style=\"padding: 100px 0; \" data-stretch-type=\"full-stretched\" data-overlay=\"true\" data-overlay-color=\"#000000\" ><div id=\"pgc-379-7-0\"  class=\"panel-grid-cell\" ><div id=\"panel-379-7-0-0\" class=\"so-panel widget widget_sow-editor panel-first-child panel-last-child\" data-index=\"15\" ><div style=\"text-align: left;\" data-title-color=\"#443f3f\" data-headings-color=\"#443f3f\" class=\"panel-widget-style panel-widget-style-for-379-7-0-0\" ><div class=\"so-widget-sow-editor so-widget-sow-editor-base\">\n<div class=\"siteorigin-widget-tinymce textwidget\">\n\t<h1 style=\"font-family: 'Titillium Web'; font-size: 36px; text-shadow: rgba(0, 0, 0, 0.6) 0px 1px 1px; text-align: center;\"><span style=\"color: #ffffff;\">JB-INFORMATIQUE, cr\u00e9ation de site web avec WordPress<\/span><\/h1><\/div>\n<\/div><\/div><\/div><\/div><\/div><\/div>\n\t\t\t<video \n\t\t\t\tid=\"so_bgvideo_69f9ec8a24a3c\" \n\t\t\t\tclass=\"so_video_bg jquery-background-video\" \n\t\t\t\tloop \n\t\t\t\tautoplay \n\t\t\t\tplaysinline\n\t\t\t\tmuted\n\t\t\t\tdata-bgvideo\n\t\t\t\t\t\t\t\tdata-bgvideo-fade-in=\"0\"\t\t\t\tdata-bgvideo-pause-after=\"120\"\t\t\t\tdata-bgvideo-show-pause-play=false\t\t\t\tdata-bgvideo-pause-play-x-pos=\"right\"\t\t\t\tdata-bgvideo-pause-play-y-pos=\"top\" \n\t\t\t\t>\n\t\t\t\t\t<source src=\"http:\/\/jbinformatique.fr\/wp-content\/uploads\/2017\/06\/Beach-7262.mp4\" type=\"video\/mp4\">\t\t\t\t\t\t\t\t\t\t\t\t\t<\/video>\n\n\t\t\t\n\t\t\t<script type=\"text\/javascript\">\n\t\t\t(function() {\n\t\t\t\t\/\/ Move the video and container into the row as the first child\n\t\t\t\tvar video_tag = document.getElementById(\"so_bgvideo_69f9ec8a24a3c\");\n\t\t\t\tvar video_overlay = document.getElementById(\"so_bgvideo_overlay_69f9ec8a24a3c\");\n\t\t\t\tvar video_row = video_tag.previousSibling;\n\t\t\t\twhile(video_row && video_row.nodeType != 1) {\n\t\t\t\t\tvideo_row = video_row.previousSibling;\n\t\t\t\t}\n\t\t\t\tvar row_inner = video_row.firstChild;\n\t\t\t\trow_inner.insertBefore( video_tag, row_inner.firstChild );\n\t\t\t\tif( video_overlay ) {\n\t\t\t\t\trow_inner.insertBefore( video_overlay, video_tag.nextSibling);\n\t\t\t\t}\n\t\t\t\trow_inner.className += ' so_video_bg_row jquery-background-video-wrapper';\n\t\t\t\tvideo_tag.play();\n\t\t\t}());\n\t\t\t<\/script>\n\n\t\t\t<div id=\"pg-379-8\"  class=\"panel-grid panel-has-style\" ><div style=\"padding: 100px 0; \" data-overlay=\"true\" data-overlay-color=\"#000000\" class=\"panel-row-style panel-row-style-for-379-8\" ><div id=\"pgc-379-8-0\"  class=\"panel-grid-cell\" ><div id=\"panel-379-8-0-0\" class=\"so-panel widget widget_sow-post-carousel panel-first-child panel-last-child\" data-index=\"16\" ><div style=\"text-align: left;\" data-title-color=\"#443f3f\" data-headings-color=\"#443f3f\" class=\"panel-widget-style panel-widget-style-for-379-8-0-0\" ><div class=\"so-widget-sow-post-carousel so-widget-sow-post-carousel-default-971e41e9e54d\">\n\t<div class=\"sow-carousel-title has-title\">\n\t\t<h3 class=\"widget-title\">A voir \u00e9galement<\/h3>\n\t\t<div class=\"sow-carousel-navigation\">\n\t\t\t<a href=\"#\" class=\"sow-carousel-next\" title=\"Suivant\" aria-label=\"Next Posts\" role=\"button\"><\/a>\n\t\t\t<a href=\"#\" class=\"sow-carousel-previous\" title=\"Pr\u00e9c\u00e9dent\" aria-label=\"Previous Posts\" role=\"button\"><\/a>\n\t\t<\/div>\n\n\t<\/div>\n\n\t<div class=\"sow-carousel-container\">\n\n\t\t<a href=\"#\" class=\"sow-carousel-previous\" title=\"Pr\u00e9c\u00e9dent\" aria-label=\"Previous Posts\" role=\"button\"><\/a>\n\n\t\t<a href=\"#\" class=\"sow-carousel-next\" title=\"Suivant\" aria-label=\"Next Posts\" role=\"button\"><\/a>\n\n\t\t<div class=\"sow-carousel-wrapper\"\n\t\t     data-post-count=\"8\"\n\t\t     data-loop-posts-enabled=\"1\"\n\t\t     data-ajax-url=\"http:\/\/jbinformatique.fr\/wp-admin\/admin-ajax.php?_widgets_nonce=96fb363ff3\"\n\t\t     data-page=\"1\"\n\t\t     data-fetching=\"false\"\n\t\t     data-dir=\"ltr\"\n\t\t>\n\t\t\t<div class=\"sow-carousel-items\">\n\t\t\t\t\t<div class=\"sow-carousel-item\">\n\t\t<div class=\"sow-carousel-thumbnail\">\n\t\t\t\t\t\t\t<a href=\"http:\/\/jbinformatique.fr\/?page_id=371\" style=\"background-image: url(http:\/\/jbinformatique.fr\/wp-content\/uploads\/2017\/06\/laptop_fix-272x182.jpg)\" aria-labelledby=\"sow-carousel-id-371\">\n\t\t\t\t\t<span class=\"overlay\"><\/span>\n\t\t\t\t<\/a>\n\t\t\t\t\t<\/div>\n\t\t<h3><a href=\"http:\/\/jbinformatique.fr\/?page_id=371\" id=\"sow-carousel-id-371\">Ordinateur portable<\/a><\/h3>\n\t<\/div>\n\t<div class=\"sow-carousel-item\">\n\t\t<div class=\"sow-carousel-thumbnail\">\n\t\t\t\t\t\t\t<a href=\"http:\/\/jbinformatique.fr\/?page_id=387\" style=\"background-image: url(http:\/\/jbinformatique.fr\/wp-content\/uploads\/2017\/05\/web1-272x182.png)\" aria-labelledby=\"sow-carousel-id-387\">\n\t\t\t\t\t<span class=\"overlay\"><\/span>\n\t\t\t\t<\/a>\n\t\t\t\t\t<\/div>\n\t\t<h3><a href=\"http:\/\/jbinformatique.fr\/?page_id=387\" id=\"sow-carousel-id-387\">D\u00e9pannage et d\u00e9sinfection<\/a><\/h3>\n\t<\/div>\n\t<div class=\"sow-carousel-item\">\n\t\t<div class=\"sow-carousel-thumbnail\">\n\t\t\t\t\t\t\t<a href=\"http:\/\/jbinformatique.fr\/?page_id=383\" style=\"background-image: url(http:\/\/jbinformatique.fr\/wp-content\/uploads\/2017\/05\/bf8d70820894307bde5e80ce06db4-272x182.jpg)\" aria-labelledby=\"sow-carousel-id-383\">\n\t\t\t\t\t<span class=\"overlay\"><\/span>\n\t\t\t\t<\/a>\n\t\t\t\t\t<\/div>\n\t\t<h3><a href=\"http:\/\/jbinformatique.fr\/?page_id=383\" id=\"sow-carousel-id-383\">Installation et assemblage<\/a><\/h3>\n\t<\/div>\n\t<div class=\"sow-carousel-item\">\n\t\t<div class=\"sow-carousel-thumbnail\">\n\t\t\t\t\t\t\t<a href=\"http:\/\/jbinformatique.fr\/?page_id=381\" style=\"background-image: url(http:\/\/jbinformatique.fr\/wp-content\/uploads\/2017\/06\/disquedur_panne-272x182.jpg)\" aria-labelledby=\"sow-carousel-id-381\">\n\t\t\t\t\t<span class=\"overlay\"><\/span>\n\t\t\t\t<\/a>\n\t\t\t\t\t<\/div>\n\t\t<h3><a href=\"http:\/\/jbinformatique.fr\/?page_id=381\" id=\"sow-carousel-id-381\">R\u00e9cup\u00e9ration de donn\u00e9es<\/a><\/h3>\n\t<\/div>\n\t<div class=\"sow-carousel-item\">\n\t\t<div class=\"sow-carousel-thumbnail\">\n\t\t\t\t\t\t\t<a href=\"http:\/\/jbinformatique.fr\/?page_id=379\" style=\"background-image: url(http:\/\/jbinformatique.fr\/wp-content\/uploads\/2017\/05\/WordPress_logo4-272x182.jpg)\" aria-labelledby=\"sow-carousel-id-379\">\n\t\t\t\t\t<span class=\"overlay\"><\/span>\n\t\t\t\t<\/a>\n\t\t\t\t\t<\/div>\n\t\t<h3><a href=\"http:\/\/jbinformatique.fr\/?page_id=379\" id=\"sow-carousel-id-379\">Cr\u00e9ation de site<\/a><\/h3>\n\t<\/div>\n\t<div class=\"sow-carousel-item\">\n\t\t<div class=\"sow-carousel-thumbnail\">\n\t\t\t\t\t\t\t<a href=\"http:\/\/jbinformatique.fr\/?page_id=377\" style=\"background-image: url(http:\/\/jbinformatique.fr\/wp-content\/uploads\/2017\/06\/illustration-initiation-a-la-tablette-pour-adultes_1-1483003429-272x182.jpg)\" aria-labelledby=\"sow-carousel-id-377\">\n\t\t\t\t\t<span class=\"overlay\"><\/span>\n\t\t\t\t<\/a>\n\t\t\t\t\t<\/div>\n\t\t<h3><a href=\"http:\/\/jbinformatique.fr\/?page_id=377\" id=\"sow-carousel-id-377\">Initiation<\/a><\/h3>\n\t<\/div>\n\t<div class=\"sow-carousel-item\">\n\t\t<div class=\"sow-carousel-thumbnail\">\n\t\t\t\t\t\t\t<a href=\"http:\/\/jbinformatique.fr\/?page_id=375\" style=\"background-image: url(http:\/\/jbinformatique.fr\/wp-content\/uploads\/2017\/05\/ec32b3072ef11c3e815d4401ee514792ea71e4d518b61849_1920-272x182.jpg)\" aria-labelledby=\"sow-carousel-id-375\">\n\t\t\t\t\t<span class=\"overlay\"><\/span>\n\t\t\t\t<\/a>\n\t\t\t\t\t<\/div>\n\t\t<h3><a href=\"http:\/\/jbinformatique.fr\/?page_id=375\" id=\"sow-carousel-id-375\">T\u00e9l\u00e9phone et tablette<\/a><\/h3>\n\t<\/div>\n\t<div class=\"sow-carousel-item\">\n\t\t<div class=\"sow-carousel-thumbnail\">\n\t\t\t\t\t\t\t<a href=\"http:\/\/jbinformatique.fr\/?page_id=369\" style=\"background-image: url(http:\/\/jbinformatique.fr\/wp-content\/uploads\/2017\/05\/photo-life-cycle-management-board-repair-272x182.png)\" aria-labelledby=\"sow-carousel-id-369\">\n\t\t\t\t\t<span class=\"overlay\"><\/span>\n\t\t\t\t<\/a>\n\t\t\t\t\t<\/div>\n\t\t<h3><a href=\"http:\/\/jbinformatique.fr\/?page_id=369\" id=\"sow-carousel-id-369\">R\u00e9paration TV et \u00e9lectronique<\/a><\/h3>\n\t<\/div>\n\t\t\t<\/div>\n\t\t<\/div>\n\t<\/div>\n\t<input type=\"hidden\" name=\"instance_hash\" value=\"08fde7c1\"\/>\n<\/div><\/div><\/div><\/div><\/div><\/div><\/div>","protected":false},"excerpt":{"rendered":"<p>R\u00e9paration TV et carte \u00e9lectroniqueJB-INFORMATIQUE vous propose de r\u00e9parer votre t\u00e9l\u00e9vision, votre moniteur, votre disque dur, votre PC portable et tout autre probl\u00e8me \u00e9lectronique. La plupart du temps, je travaille au composant, c&#8217;est \u00e0 dire que je remplace uniquement les composants d\u00e9fectueux (dans la mesure du possible), et non les carte enti\u00e8res. Ce qui est [&hellip;]<\/p>\n","protected":false},"author":1,"featured_media":206,"parent":0,"menu_order":0,"comment_status":"closed","ping_status":"closed","template":"page-templates\/page_fullwidth.php","meta":[],"_links":{"self":[{"href":"http:\/\/jbinformatique.fr\/index.php?rest_route=\/wp\/v2\/pages\/379"}],"collection":[{"href":"http:\/\/jbinformatique.fr\/index.php?rest_route=\/wp\/v2\/pages"}],"about":[{"href":"http:\/\/jbinformatique.fr\/index.php?rest_route=\/wp\/v2\/types\/page"}],"author":[{"embeddable":true,"href":"http:\/\/jbinformatique.fr\/index.php?rest_route=\/wp\/v2\/users\/1"}],"replies":[{"embeddable":true,"href":"http:\/\/jbinformatique.fr\/index.php?rest_route=%2Fwp%2Fv2%2Fcomments&post=379"}],"version-history":[{"count":21,"href":"http:\/\/jbinformatique.fr\/index.php?rest_route=\/wp\/v2\/pages\/379\/revisions"}],"predecessor-version":[{"id":1662,"href":"http:\/\/jbinformatique.fr\/index.php?rest_route=\/wp\/v2\/pages\/379\/revisions\/1662"}],"wp:featuredmedia":[{"embeddable":true,"href":"http:\/\/jbinformatique.fr\/index.php?rest_route=\/wp\/v2\/media\/206"}],"wp:attachment":[{"href":"http:\/\/jbinformatique.fr\/index.php?rest_route=%2Fwp%2Fv2%2Fmedia&parent=379"}],"curies":[{"name":"wp","href":"https:\/\/api.w.org\/{rel}","templated":true}]}}